{"id":124,"date":"2019-05-30T19:01:50","date_gmt":"2019-05-30T19:01:50","guid":{"rendered":"https:\/\/dr-reiner-flessner.de\/?page_id=124"},"modified":"2021-09-03T06:24:14","modified_gmt":"2021-09-03T06:24:14","slug":"datenschutzerklaerung","status":"publish","type":"page","link":"https:\/\/dr-reiner-flessner.de\/?page_id=124","title":{"rendered":"Datenschutzerkl\u00e4rung"},"content":{"rendered":"\n<style type=\"text\/css\" data-created_by=\"avia_inline_auto\" id=\"style-css-av-bhth0-868b92783c927880c6b85a8010f4cf6a\">\n.flex_column.av-bhth0-868b92783c927880c6b85a8010f4cf6a{\nborder-radius:0px 0px 0px 0px;\n-webkit-border-radius:0px 0px 0px 0px;\n-moz-border-radius:0px 0px 0px 0px;\n}\n<\/style>\n<div class='flex_column av-bhth0-868b92783c927880c6b85a8010f4cf6a av_one_full  avia-builder-el-0  avia-builder-el-no-sibling  first flex_column_div av-zero-column-padding '   ><p>\n<style type=\"text\/css\" data-created_by=\"avia_inline_auto\" id=\"style-css-av-jwluonvu-013ac812705733f1b1f9781d6f42f7aa\">\n#top .av-special-heading.av-jwluonvu-013ac812705733f1b1f9781d6f42f7aa{\npadding-bottom:10px;\n}\nbody .av-special-heading.av-jwluonvu-013ac812705733f1b1f9781d6f42f7aa .av-special-heading-tag .heading-char{\nfont-size:25px;\n}\n.av-special-heading.av-jwluonvu-013ac812705733f1b1f9781d6f42f7aa .av-subheading{\nfont-size:15px;\n}\n<\/style>\n<div  class='av-special-heading av-jwluonvu-013ac812705733f1b1f9781d6f42f7aa av-special-heading-h1 blockquote modern-quote  avia-builder-el-1  el_before_av_textblock  avia-builder-el-first '><h1 class='av-special-heading-tag'  itemprop=\"headline\"  >Datenschutzerkl\u00e4rung<\/h1><div class=\"special-heading-border\"><div class=\"special-heading-inner-border\"><\/div><\/div><\/div><br \/>\n<section  class='av_textblock_section av-jwb0yrgj-2826bdc8749fdc5c2036c59af60639d9'  itemscope=\"itemscope\" itemtype=\"https:\/\/schema.org\/CreativeWork\" ><div class='avia_textblock'  itemprop=\"text\" ><p class=\"p1\"><strong>Verantwortlicher<\/strong><\/p>\n<p class=\"p1\">Zahnarzt Dr. Reiner Fle\u00dfner<br \/>\nChristine-Charlotten-Stra\u00dfe 13<br \/>\n26789 Leer<br \/>\nzahnarzt@dr-reiner-flessner.de<\/p>\n<p>Tel 0491 2111<br \/>\nFax 0491 9293609<\/p>\n<p class=\"p1\"><strong>Erhebung und Speicherung personenbezogener Daten<\/strong><br \/>\n<strong>sowie Art und Zweck von deren Verwendung<\/strong><\/p>\n<p class=\"p1\"><strong>Beim Besuch der Website<br \/>\n<\/strong>Beim Aufrufen unserer Website www.dr-reiner-flessner.de werden durch den auf Ihrem Endger\u00e4t zum Einsatz kommenden Browser automatisch Informationen an den Server unserer Website gesendet. Diese Informationen werden tempor\u00e4r in einem sog. Logfile gespeichert. Folgende Informationen werden dabei ohne Ihr Zutun erfasst und bis zur automatisierten L\u00f6schung gespeichert:<\/p>\n<p class=\"p1\">\u2022 IP-Adresse des anfragenden Rechners<br \/>\n\u2022 Datum und Uhrzeit des Zugriffs<br \/>\n\u2022 Name und URL der abgerufenen Datei<br \/>\n\u2022 Website, von der aus der Zugriff erfolgt (Referrer-URL)<br \/>\n\u2022 verwendeter Browser und ggf. das Betriebssystem Ihres Rechners sowie der Name Ihres Access-Providers.<\/p>\n<p class=\"p1\">Die genannten Daten werden durch uns zu folgenden Zwecken verarbeitet:<\/p>\n<p class=\"p1\">\u2022 Gew\u00e4hrleistung eines reibungslosen Verbindungsaufbaus der Website<br \/>\n\u2022 Gew\u00e4hrleistung einer komfortablen Nutzung unserer Website<br \/>\n\u2022 Auswertung der Systemsicherheit und -stabilit\u00e4t sowie zu weiteren administrativen Zwecken.<\/p>\n<p class=\"p1\">Die Rechtsgrundlage fu\u0308r die Datenverarbeitung ist Art. 6 Abs. 1 S. 1 lit. f DSGVO. Unser berechtigtes Interesse folgt aus oben aufgelisteten Zwecken zur Datenerhebung. In keinem Fall verwenden wir die erhobenen Daten zu dem Zweck, Ru\u0308ckschlu\u0308sse auf Ihre Person zu ziehen. Daru\u0308ber hinaus setzen wir beim Besuch unserer Website Cookies sowie Analysedienste ein. N\u00e4here Erl\u00e4uterungen dazu erhalten Sie unter den Ziff. 4 und 5 dieser Datenschutzerkl\u00e4rung.<\/p>\n<p class=\"p1\"><strong>Weitergabe von Daten<br \/>\n<\/strong>Eine \u00dcbermittlung Ihrer pers\u00f6nlichen Daten an Dritte zu anderen als den im Folgenden aufgefu\u0308hrten Zwecken findet nicht statt.<\/p>\n<p class=\"p1\">Wir geben Ihre pers\u00f6nlichen Daten nur an Dritte weiter, wenn:<\/p>\n<p class=\"p1\">Sie Ihre nach Art. 6 Abs. 1 S. 1 lit. a DSGVO ausdru\u0308ckliche Einwilligung dazu erteilt haben, die Weitergabe nach Art. 6 Abs. 1 S. 1 lit. f DSGVO zur Geltendmachung, Ausu\u0308bung oder Verteidigung von Rechtsanspru\u0308chen erforderlich ist und kein Grund zur Annahme besteht, dass Sie ein u\u0308berwiegendes schutzwu\u0308rdiges Interesse an der Nichtweitergabe Ihrer Daten haben, fu\u0308r den Fall, dass fu\u0308r die Weitergabe nach Art. 6 Abs. 1 S. 1 lit. c DSGVO eine gesetzliche Verpflichtung besteht, sowie dies gesetzlich zul\u00e4ssig und nach Art. 6 Abs. 1 S. 1 lit. b DSGVO fu\u0308r die Abwicklung von Vertragsverh\u00e4ltnissen mit Ihnen erforderlich ist.<\/p>\n<p class=\"p1\"><strong>Cookies<br \/>\n<\/strong>Wir setzen auf unserer Seite Cookies ein. Hierbei handelt es sich um kleine Dateien, die Ihr Browser automatisch erstellt und die auf Ihrem Endger\u00e4t (Laptop, Tablet, Smartphone o.\u00e4.) gespeichert werden, wenn Sie unsere Seite besuchen. Cookies richten auf Ihrem Endger\u00e4t keinen Schaden an, enthalten keine Viren, Trojaner oder sonstige Schadsoftware.<\/p>\n<p class=\"p1\">In dem Cookie werden Informationen abgelegt, die sich jeweils im Zusammenhang mit dem spezifisch eingesetzten Endger\u00e4t ergeben. Dies bedeutet jedoch nicht, dass wir dadurch unmittelbar Kenntnis von Ihrer Identit\u00e4t erhalten.<\/p>\n<p class=\"p1\">Der Einsatz von Cookies dient einerseits dazu, die Nutzung unseres Angebots fu\u0308r Sie angenehmer zu gestalten. So setzen wir sogenannte Session-Cookies ein, um zu erkennen, dass Sie einzelne Seiten unserer Website bereits besucht haben. Diese werden nach Verlassen unserer Seite automatisch gel\u00f6scht.<\/p>\n<p class=\"p1\">Daru\u0308ber hinaus setzen wir ebenfalls zur Optimierung der Benutzerfreundlichkeit tempor\u00e4re Cookies ein, die fu\u0308r einen bestimmten festgelegten Zeitraum auf Ihrem Endger\u00e4t gespeichert werden. Besuchen Sie unsere Seite erneut, um unsere Dienste in Anspruch zu nehmen, wird automatisch erkannt, dass Sie bereits bei uns waren und welche Eingaben und Einstellungen sie get\u00e4tigt haben, um diese nicht noch einmal eingeben zu mu\u0308ssen.<\/p>\n<p class=\"p1\">Zum anderen setzten wir Cookies ein, um die Nutzung unserer Website statistisch zu erfassen und zum Zwecke der Optimierung unseres Angebotes fu\u0308r Sie auszuwerten. Diese Cookies erm\u00f6glichen es uns, bei einem erneuten Besuch unserer Seite automatisch zu erkennen, dass Sie bereits bei uns waren. Diese Cookies werden nach einer jeweils definierten Zeit automatisch gel\u00f6scht. Die durch Cookies verarbeiteten Daten sind fu\u0308r die genannten Zwecke zur Wahrung unserer berechtigten Interessen sowie der Dritter nach Art. 6 Abs. 1 S. 1 lit. f DSGVO erforderlich.<\/p>\n<p class=\"p1\">Die meisten Browser akzeptieren Cookies automatisch. Sie k\u00f6nnen Ihren Browser jedoch so konfigurieren, dass keine Cookies auf Ihrem Computer gespeichert werden oder stets ein Hinweis erscheint, bevor ein neuer Cookie angelegt wird. Die vollst\u00e4ndige Deaktivierung von Cookies kann jedoch dazu fu\u0308hren, dass Sie nicht alle Funktionen unserer Website nutzen k\u00f6nnen.<\/p>\n<p class=\"p1\"><strong>Analyse-Tools<\/strong><\/p>\n<p class=\"p1\"><strong>a) Tracking-Tools<br \/>\n<\/strong>Die im Folgenden aufgefu\u0308hrten und von uns eingesetzten Tracking-Ma\u00dfnahmen werden auf Grundlage des Art. 6 Abs. 1 S. 1 lit. f DSGVO durchgefu\u0308hrt. Mit den zum Einsatz kommenden Tracking-Ma\u00dfnahmen wollen wir eine bedarfsgerechte Gestaltung und die fortlaufende Optimierung unserer Webseite sicherstellen. Zum anderen setzen wir die Tracking-Ma\u00dfnahmen ein, um die Nutzung unserer Webseite statistisch zu erfassen und zum Zwecke der Optimierung unseres Angebotes fu\u0308r Sie auszuwerten. Diese Interessen sind als berechtigt im Sinne der vorgenannten Vorschrift anzusehen. Die jeweiligen Datenverarbeitungszwecke und Datenkategorien sind aus den entsprechenden Tracking-Tools zu entnehmen.<\/p>\n<p class=\"p1\"><strong>i) Google Analytics<br \/>\n<\/strong>Zum Zwecke der bedarfsgerechten Gestaltung und fortlaufenden Optimierung unserer Seiten nutzen wir Google Analytics, ein Webanalysedienst der Google Inc. (https:\/\/www.google.de\/intl\/de\/about\/) (1600 Amphitheatre Parkway, Mountain View, CA 94043, USA; im Folgenden \u201eGoogle\u201c). In diesem Zusammenhang werden pseudonymisierte Nutzungsprofile erstellt und Cookies (siehe unter Ziff. 4) verwendet. Die durch den Cookie erzeugten Informationen u\u0308ber Ihre Benutzung dieser Website wie:<\/p>\n<p class=\"p1\">\u2022 Browser-Typ\/-Version<br \/>\n\u2022 verwendetes Betriebssystem<br \/>\n\u2022 Referrer-URL (die zuvor besuchte Seite)<br \/>\n\u2022 Hostname des zugreifenden Rechners (IP-Adresse)<br \/>\n\u2022 Uhrzeit der Serveranfrage<\/p>\n<p class=\"p1\">werden an einen Server von Google in den USA u\u0308bertragen und dort gespeichert. Die Informationen werden verwendet, um die Nutzung der Website auszuwerten, um Reports u\u0308ber die Websiteaktivit\u00e4ten zusammenzustellen und um weitere mit der Websitenutzung und der Internetnutzung verbundene Dienstleistungen zu Zwecken der Marktforschung und bedarfsgerechten Gestaltung dieser Internetseiten zu erbringen. Auch werden diese Informationen gegebenenfalls an Dritte u\u0308bertragen, sofern dies gesetzlich vorgeschrieben ist oder soweit Dritte diese Daten im Auftrag verarbeiten. Es wird in keinem Fall Ihre IP-Adresse mit anderen Daten von Google zusammengefu\u0308hrt. Die IP-Adressen werden anonymisiert, so dass eine Zuordnung nicht m\u00f6glich ist (IP-Masking).<\/p>\n<p class=\"p1\">Sie k\u00f6nnen die Installation der Cookies durch eine entsprechende Einstellung der Browser- Software verhindern; wir weisen jedoch darauf hin, dass in diesem Fall gegebenenfalls nicht s\u00e4mtliche Funktionen dieser Website vollumf\u00e4nglich genutzt werden k\u00f6nnen.<\/p>\n<p class=\"p1\">Sie k\u00f6nnen daru\u0308ber hinaus die Erfassung der durch das Cookie erzeugten und auf Ihre Nutzung der Website bezogenen Daten (inkl. Ihrer IP-Adresse) sowie die Verarbeitung dieser Daten durch Google verhindern, indem Sie ein Browser-Add-on herunterladen und installieren (https:\/\/tools.google.com\/dlpage\/gaoptout?hl=de).<\/p>\n<p class=\"p1\">Alternativ zum Browser-Add-on, insbesondere bei Browsern auf mobilen Endger\u00e4ten, k\u00f6nnen Sie die Erfassung durch Google Analytics zudem verhindern, indem Sie auf diesen Link klicken. Es wird ein Opt-out-Cookie gesetzt, das die zuku\u0308nftige Erfassung Ihrer Daten beim Besuch dieser Website verhindert. Der Opt-out-Cookie gilt nur in diesem Browser und nur fu\u0308r unsere Website und wird auf Ihrem Ger\u00e4t abgelegt. L\u00f6schen Sie die Cookies in diesem Browser, mu\u0308ssen Sie das Opt-out-Cookie erneut setzen.<\/p>\n<p class=\"p1\">Weitere Informationen zum Datenschutz im Zusammenhang mit Google Analytics finden Sie etwa in der Google Analytics-Hilfe (https:\/\/support.google.com\/analytics\/answer\/6004245?hl=de).<\/p>\n<p class=\"p1\"><strong>ii) Google Adwords Conversion Tracking<br \/>\n<\/strong>Um die Nutzung unserer Webseite statistisch zu erfassen und zum Zwecke der Optimierung unserer Website fu\u0308r Sie auszuwerten, nutzen wir ferner das Google Conversion Tracking. Dabei wird von Google Adwords ein Cookie auf Ihrem Rechner gesetzt, sofern Sie u\u0308ber eine Google-Anzeige auf unsere Webseite gelangt sind.<\/p>\n<p class=\"p1\">Diese Cookies verlieren nach 30 Tagen ihre Gu\u0308ltigkeit und dienen nicht der pers\u00f6nlichen Identifizierung. Besucht der Nutzer bestimmte Seiten der Webseite des Adwords-Kunden und das Cookie ist noch nicht abgelaufen, k\u00f6nnen Google und der Kunde erkennen, dass der Nutzer auf die Anzeige geklickt hat und zu dieser Seite weitergeleitet wurde.<\/p>\n<p class=\"p1\">Jeder Adwords-Kunde erh\u00e4lt ein anderes Cookie. Cookies k\u00f6nnen somit nicht u\u0308ber die Webseiten von Adwords-Kunden nachverfolgt werden. Die mithilfe des Conversion-Cookies eingeholten Informationen dienen dazu, Conversion-Statistiken fu\u0308r Adwords-Kunden zu erstellen, die sich fu\u0308r Conversion-Tracking entschieden haben. Die Adwords-Kunden erfahren die Gesamtanzahl der Nutzer, die auf ihre Anzeige geklickt haben und zu einer mit einem Conversion-Tracking- Tag versehenen Seite weitergeleitet wurden. Sie erhalten jedoch keine Informationen, mit denen sich Nutzer pers\u00f6nlich identifizieren lassen.<\/p>\n<p class=\"p1\">Wenn Sie nicht an dem Tracking-Verfahren teilnehmen m\u00f6chten, k\u00f6nnen Sie auch das hierfu\u0308r erforderliche Setzen eines Cookies ablehnen \u2013 etwa per Browser-Einstellung, die das automatische Setzen von Cookies generell deaktiviert. Sie k\u00f6nnen Cookies fu\u0308r Conversion-Tracking auch deaktivieren, indem Sie Ihren Browser so einstellen, dass Cookies von der Domain \u201ewww.googleadservices.com\u201c blockiert werden. Googles Datenschutzbelehrung zum Conversion-Tracking finden Sie hier (https:\/\/services.google.com\/sitestats\/de.html).<\/p>\n<p class=\"p1\"><strong>6. Betroffenenrechte<br \/>\n<\/strong>Sie haben das Recht:<\/p>\n<p class=\"p1\">gem\u00e4\u00df Art. 15 DSGVO Auskunft u\u0308ber Ihre von uns verarbeiteten personenbezogenen Daten zu verlangen. Insbesondere k\u00f6nnen Sie Auskunft u\u0308ber die Verarbeitungszwecke, die Kategorie der personenbezogenen Daten, die Kategorien von Empf\u00e4ngern, gegenu\u0308ber denen Ihre Daten offengelegt wurden oder werden, die geplante Speicherdauer, das Bestehen eines Rechts auf Berichtigung, L\u00f6schung, Einschr\u00e4nkung der Verarbeitung oder Widerspruch, das Bestehen eines Beschwerderechts, die Herkunft ihrer Daten, sofern diese nicht bei uns erhoben wurden, sowie u\u0308ber das Bestehen einer automatisierten Entscheidungsfindung einschlie\u00dflich Profiling und ggf. aussagekr\u00e4ftigen Informationen zu deren Einzelheiten verlangen;<\/p>\n<p class=\"p1\">gem\u00e4\u00df Art. 16 DSGVO unverzu\u0308glich die Berichtigung unrichtiger oder Vervollst\u00e4ndigung Ihrer bei uns gespeicherten personenbezogenen Daten zu verlangen;<\/p>\n<p class=\"p1\">gem\u00e4\u00df Art. 17 DSGVO die L\u00f6schung Ihrer bei uns gespeicherten personenbezogenen Daten zu verlangen, soweit nicht die Verarbeitung zur Ausu\u0308bung des Rechts auf freie Meinungs\u00e4u\u00dferung und Information, zur Erfu\u0308llung einer rechtlichen Verpflichtung, aus Gru\u0308nden des \u00f6ffentlichen Interesses oder zur Geltendmachung, Ausu\u0308bung oder Verteidigung von Rechtsanspru\u0308chen erforderlich ist;<\/p>\n<p class=\"p1\">gem\u00e4\u00df Art. 18 DSGVO die Einschr\u00e4nkung der Verarbeitung Ihrer personenbezogenen Daten zu verlangen, soweit die Richtigkeit der Daten von Ihnen bestritten wird, die Verarbeitung unrechtm\u00e4\u00dfig ist, Sie aber deren L\u00f6schung ablehnen und wir die Daten nicht mehr ben\u00f6tigen, Sie jedoch diese zur Geltendmachung, Ausu\u0308bung oder Verteidigung von Rechtsanspru\u0308chen ben\u00f6tigen oder Sie gem\u00e4\u00df Art. 21 DSGVO Widerspruch gegen die Verarbeitung eingelegt haben;<\/p>\n<p class=\"p1\">gem\u00e4\u00df Art. 20 DSGVO Ihre personenbezogenen Daten, die Sie uns bereitgestellt haben, in einem strukturierten, g\u00e4ngigen und maschinenlesebaren Format zu erhalten oder die \u00dcbermittlung an einen anderen Verantwortlichen zu verlangen;<\/p>\n<p class=\"p1\">gem\u00e4\u00df Art. 7 Abs. 3 DSGVO Ihre einmal erteilte Einwilligung jederzeit gegenu\u0308ber uns zu widerrufen. Dies hat zur Folge, dass wir die Datenverarbeitung, die auf dieser Einwilligung beruhte, fu\u0308r die Zukunft nicht mehr fortfu\u0308hren du\u0308rfen und<\/p>\n<p class=\"p1\">gem\u00e4\u00df Art. 77 DSGVO sich bei einer Aufsichtsbeh\u00f6rde zu beschweren. In der Regel k\u00f6nnen Sie sich hierfu\u0308r an die Aufsichtsbeh\u00f6rde Ihres u\u0308blichen Aufenthaltsortes oder Arbeitsplatzes oder unseres Kanzleisitzes wenden.<\/p>\n<p class=\"p1\"><strong>Widerspruchsrecht<br \/>\n<\/strong>Sofern Ihre personenbezogenen Daten auf Grundlage von berechtigten Interessen gem\u00e4\u00df Art. 6 Abs. 1 S. 1 lit. f DSGVO verarbeitet werden, haben Sie das Recht, gem\u00e4\u00df Art. 21 DSGVO Widerspruch gegen die Verarbeitung Ihrer personenbezogenen Daten einzulegen, soweit dafu\u0308r Gru\u0308nde vorliegen, die sich aus Ihrer besonderen Situation ergeben oder sich der Widerspruch gegen Direktwerbung richtet. Im letzteren Fall haben Sie ein generelles Widerspruchsrecht, das ohne Angabe einer besonderen Situation von uns umgesetzt wird.<\/p>\n<p class=\"p1\">M\u00f6chten Sie von Ihrem Widerrufs- oder Widerspruchsrecht Gebrauch machen, genu\u0308gt eine EMail an zahnarzt@dr-reiner-flessner.de<\/p>\n<p class=\"p1\"><strong>Datensicherheit<br \/>\n<\/strong>Wir verwenden innerhalb des Website-Besuchs das verbreitete SSL-Verfahren (Secure Socket Layer) in Verbindung mit der jeweils h\u00f6chsten Verschlu\u0308sselungsstufe, die von Ihrem Browser unterstu\u0308tzt wird. In der Regel handelt es sich dabei um eine 256 Bit Verschlu\u0308sselung. Falls Ihr Browser keine 256-Bit Verschlu\u0308sselung unterstu\u0308tzt, greifen wir stattdessen auf 128-Bit v3 Technologie zuru\u0308ck. Ob eine einzelne Seite unseres Internetauftrittes verschlu\u0308sselt u\u0308bertragen wird, erkennen Sie an der geschlossenen Darstellung des Schu\u0308ssel- beziehungsweise Schloss-Symbols in der unteren Statusleiste Ihres Browsers.<\/p>\n<p class=\"p1\">Wir bedienen uns im \u00dcbrigen geeigneter technischer und organisatorischer Sicherheitsma\u00dfnahmen, um Ihre Daten gegen zuf\u00e4llige oder vors\u00e4tzliche Manipulationen, teilweisen oder vollst\u00e4ndigen Verlust, Zerst\u00f6rung oder gegen den unbefugten Zugriff Dritter zu schu\u0308tzen. Unsere Sicherheitsma\u00dfnahmen werden entsprechend der technologischen Entwicklung fortlaufend verbessert.<\/p>\n<p class=\"p1\"><strong>Aktualit\u00e4t und \u00c4nderung dieser Datenschutzerkl\u00e4rung<br \/>\n<\/strong>Diese Datenschutzerkl\u00e4rung ist aktuell gu\u0308ltig und hat den Stand Mai 2019.<\/p>\n<p class=\"p1\">Durch die Weiterentwicklung unserer Website und Angebote daru\u0308ber oder aufgrund ge\u00e4nderter gesetzlicher beziehungsweise beh\u00f6rdlicher Vorgaben kann es notwendig werden, diese Datenschutzerkl\u00e4rung zu \u00e4ndern. Die jeweils aktuelle Datenschutzerkl\u00e4rung kann jederzeit auf der Website unter www.recht-aurich.de\/datenschutz von Ihnen abgerufen und ausgedruckt werden.<\/p>\n<\/div><\/section><\/p><\/div>\n","protected":false},"excerpt":{"rendered":"","protected":false},"author":1,"featured_media":0,"parent":0,"menu_order":0,"comment_status":"closed","ping_status":"closed","template":"","meta":[],"yoast_head":"<!-- This site is optimized with the Yoast SEO plugin v17.9 - https:\/\/yoast.com\/wordpress\/plugins\/seo\/ -->\n<title>Datenschutzerkl\u00e4rung - Dr. Reiner Fle\u00dfner<\/title>\n<meta name=\"robots\" content=\"index, follow, max-snippet:-1, max-image-preview:large, max-video-preview:-1\" \/>\n<link rel=\"canonical\" href=\"https:\/\/dr-reiner-flessner.de\/?page_id=124\" \/>\n<meta property=\"og:locale\" content=\"de_DE\" \/>\n<meta property=\"og:type\" content=\"article\" \/>\n<meta property=\"og:title\" content=\"Datenschutzerkl\u00e4rung - Dr. Reiner Fle\u00dfner\" \/>\n<meta property=\"og:url\" content=\"https:\/\/dr-reiner-flessner.de\/?page_id=124\" \/>\n<meta property=\"og:site_name\" content=\"Dr. Reiner Fle\u00dfner\" \/>\n<meta property=\"article:modified_time\" content=\"2021-09-03T06:24:14+00:00\" \/>\n<meta name=\"twitter:card\" content=\"summary_large_image\" \/>\n<meta name=\"twitter:label1\" content=\"Gesch\u00e4tzte Lesezeit\" \/>\n\t<meta name=\"twitter:data1\" content=\"11\u00a0Minuten\" \/>\n<script type=\"application\/ld+json\" class=\"yoast-schema-graph\">{\"@context\":\"https:\/\/schema.org\",\"@graph\":[{\"@type\":\"WebSite\",\"@id\":\"https:\/\/dr-reiner-flessner.de\/#website\",\"url\":\"https:\/\/dr-reiner-flessner.de\/\",\"name\":\"Dr. Reiner Fle\\u00dfner\",\"description\":\"Zahnpflege, Zahnerhaltung und Zahnersatz\",\"potentialAction\":[{\"@type\":\"SearchAction\",\"target\":{\"@type\":\"EntryPoint\",\"urlTemplate\":\"https:\/\/dr-reiner-flessner.de\/?s={search_term_string}\"},\"query-input\":\"required name=search_term_string\"}],\"inLanguage\":\"de\"},{\"@type\":\"WebPage\",\"@id\":\"https:\/\/dr-reiner-flessner.de\/?page_id=124#webpage\",\"url\":\"https:\/\/dr-reiner-flessner.de\/?page_id=124\",\"name\":\"Datenschutzerkl\\u00e4rung - Dr. Reiner Fle\\u00dfner\",\"isPartOf\":{\"@id\":\"https:\/\/dr-reiner-flessner.de\/#website\"},\"datePublished\":\"2019-05-30T19:01:50+00:00\",\"dateModified\":\"2021-09-03T06:24:14+00:00\",\"breadcrumb\":{\"@id\":\"https:\/\/dr-reiner-flessner.de\/?page_id=124#breadcrumb\"},\"inLanguage\":\"de\",\"potentialAction\":[{\"@type\":\"ReadAction\",\"target\":[\"https:\/\/dr-reiner-flessner.de\/?page_id=124\"]}]},{\"@type\":\"BreadcrumbList\",\"@id\":\"https:\/\/dr-reiner-flessner.de\/?page_id=124#breadcrumb\",\"itemListElement\":[{\"@type\":\"ListItem\",\"position\":1,\"name\":\"Startseite\",\"item\":\"https:\/\/dr-reiner-flessner.de\/?page_id=2\"},{\"@type\":\"ListItem\",\"position\":2,\"name\":\"Datenschutzerkl\\u00e4rung\"}]}]}<\/script>\n<!-- \/ Yoast SEO plugin. -->","yoast_head_json":{"title":"Datenschutzerkl\u00e4rung - Dr. Reiner Fle\u00dfner","robots":{"index":"index","follow":"follow","max-snippet":"max-snippet:-1","max-image-preview":"max-image-preview:large","max-video-preview":"max-video-preview:-1"},"canonical":"https:\/\/dr-reiner-flessner.de\/?page_id=124","og_locale":"de_DE","og_type":"article","og_title":"Datenschutzerkl\u00e4rung - Dr. Reiner Fle\u00dfner","og_url":"https:\/\/dr-reiner-flessner.de\/?page_id=124","og_site_name":"Dr. Reiner Fle\u00dfner","article_modified_time":"2021-09-03T06:24:14+00:00","twitter_card":"summary_large_image","twitter_misc":{"Gesch\u00e4tzte Lesezeit":"11\u00a0Minuten"},"schema":{"@context":"https:\/\/schema.org","@graph":[{"@type":"WebSite","@id":"https:\/\/dr-reiner-flessner.de\/#website","url":"https:\/\/dr-reiner-flessner.de\/","name":"Dr. Reiner Fle\u00dfner","description":"Zahnpflege, Zahnerhaltung und Zahnersatz","potentialAction":[{"@type":"SearchAction","target":{"@type":"EntryPoint","urlTemplate":"https:\/\/dr-reiner-flessner.de\/?s={search_term_string}"},"query-input":"required name=search_term_string"}],"inLanguage":"de"},{"@type":"WebPage","@id":"https:\/\/dr-reiner-flessner.de\/?page_id=124#webpage","url":"https:\/\/dr-reiner-flessner.de\/?page_id=124","name":"Datenschutzerkl\u00e4rung - Dr. Reiner Fle\u00dfner","isPartOf":{"@id":"https:\/\/dr-reiner-flessner.de\/#website"},"datePublished":"2019-05-30T19:01:50+00:00","dateModified":"2021-09-03T06:24:14+00:00","breadcrumb":{"@id":"https:\/\/dr-reiner-flessner.de\/?page_id=124#breadcrumb"},"inLanguage":"de","potentialAction":[{"@type":"ReadAction","target":["https:\/\/dr-reiner-flessner.de\/?page_id=124"]}]},{"@type":"BreadcrumbList","@id":"https:\/\/dr-reiner-flessner.de\/?page_id=124#breadcrumb","itemListElement":[{"@type":"ListItem","position":1,"name":"Startseite","item":"https:\/\/dr-reiner-flessner.de\/?page_id=2"},{"@type":"ListItem","position":2,"name":"Datenschutzerkl\u00e4rung"}]}]}},"_links":{"self":[{"href":"https:\/\/dr-reiner-flessner.de\/index.php?rest_route=\/wp\/v2\/pages\/124"}],"collection":[{"href":"https:\/\/dr-reiner-flessner.de\/index.php?rest_route=\/wp\/v2\/pages"}],"about":[{"href":"https:\/\/dr-reiner-flessner.de\/index.php?rest_route=\/wp\/v2\/types\/page"}],"author":[{"embeddable":true,"href":"https:\/\/dr-reiner-flessner.de\/index.php?rest_route=\/wp\/v2\/users\/1"}],"replies":[{"embeddable":true,"href":"https:\/\/dr-reiner-flessner.de\/index.php?rest_route=%2Fwp%2Fv2%2Fcomments&post=124"}],"version-history":[{"count":8,"href":"https:\/\/dr-reiner-flessner.de\/index.php?rest_route=\/wp\/v2\/pages\/124\/revisions"}],"predecessor-version":[{"id":258,"href":"https:\/\/dr-reiner-flessner.de\/index.php?rest_route=\/wp\/v2\/pages\/124\/revisions\/258"}],"wp:attachment":[{"href":"https:\/\/dr-reiner-flessner.de\/index.php?rest_route=%2Fwp%2Fv2%2Fmedia&parent=124"}],"curies":[{"name":"wp","href":"https:\/\/api.w.org\/{rel}","templated":true}]}}